 14) in base 10?
-270150
-858642 (base 9) to base 11
-31a379
What is -12828 (base 16) in base 4?
-102200220
What is 37291b (base 15) in base 3?
11222012011222
12012120101 (base 3) to base 12
4b377
What is 3601277 (base 8) in base 7?
11235025
Convert 904112 (base 10) to base 14.
1976b6
What is 110010010000000 (base 2) in base 3?
1022021220
2002010220122 (base 3) to base 8
4156314
Convert 2b8b01 (base 14) to base 5.
342203313
What is a7cb33 (base 13) in base 14?
7483aa
What is 2737747 (base 9) in base 13?
407644
Convert 22173107 (base 8) to base 12.
172719b
What is -78877 (base 13) in base 6?
-4405401
What is -110010101011011111011 (base 2) in base 13?
-461b58
What is 2140123 (base 5) in base 9?
55564
What is 242354512 (base 6) in base 12?
165ba38
What is 45414553 (base 6) in base 9?
2542826
What is -312898 (base 13) in base 3?
-2011100012001
3330a5 (base 14) to base 3
10021020211221
4aaa88 (base 15) to base 5
1404024003
-53156 (base 12) to base 8
-325022
What is -121a6c1 (base 13) in base 15?
-76079c
-a3a6b (base 14) to base 6
-12242051
What is 162160 (base 7) in base 2?
111110011110110
What is 4148ccc (base 13) in base 8?
113450301
-60536 (base 8) to base 4
-12011132
What is -10000011000101111011100 (base 2) in base 6?
-232023124
-11c94a3 (base 13) to base 16
-54dc48
Convert 20211213 (base 4) to base 12.
18433
What is -3471202 (base 8) in base 12?
-397b16
11b50 (base 13) to base 5
2021212
Convert acbc (base 16) to base 9.
66583
Convert -26673031 (base 8) to base 4.
-112313120121
What is 35357a (base 11) in base 10?
561043
What is -1851c21 (base 15) in base 11?
-a006a46
1111001101010100110 (base 2) to base 3
221022121010
-13376427 (base 8) to base 9
-5603270
What is 1330566 (base 7) in base 9?
286743
Convert -a0300 (base 16) to base 5.
-131444003
3ee53 (base 15) to base 4
301121301
Convert -531413315 (base 6) to base 4.
-203202311033
235720 (base 11) to base 6
12001221
-88585 (base 10) to base 9
-144457
-132250605 (base 7) to base 14
-11b9a3c
-b5 (base 14) to base 8
-237
848873 (base 12) to base 16
1fded7
What is -1332324 (base 5) in base 3?
-1101022221
-101011110101101010 (base 2) to base 5
-21221222
Convert 3e4c6 (base 16) to base 12.
103806
Convert 2220211110 (base 3) to base 12.
29310
What is 32504 (base 8) in base 14?
4d80
-311648 (base 12) to base 7
-6354356
What is -36465 (base 12) in base 14?
-1c989
What is -5dc49 (base 16) in base 6?
-12122041
Convert 1010001221122011 (base 3) to base 15.
160a451
Convert 24113 (base 5) to base 15.
7dd
Convert -a95a6 (base 14) to base 5.
-101104412
Convert -2765361 (base 8) to base 10.
-781041
What is 13476250 (base 8) in base 9?
5653085
What is 2315001 (base 6) in base 3?
20001021001
Convert -47111753 (base 8) to base 2.
-100111001001001111101011
-891309 (base 10) to base 3
-1200021122110
What is -72224635 (base 8) in base 16?
-e9299d
What is 27356514 (base 8) in base 2?
10111011101110101001100
What is 1362842 (base 10) in base 15?
1bdc12
What is -3351452 (base 6) in base 10?
-170168
442040 (base 8) to base 14
3c1a0
20564405 (base 8) to base 16
42e905
c606c6 (base 13) to base 9
8633446
Convert 221022212111112 (base 3) to base 15.
12ad4eb
1255 (base 7) to base 11
3a8
Convert -52511 (base 12) to base 10.
-107869
Convert -1003111122 (base 4) to base 14.
-72722
Convert -10100211121 (base 3) to base 6.
-1230324
What is 21511 (base 8) in base 5?
242113
-27c80 (base 15) to base 7
-1041201
What is -10a4027 (base 11) in base 12?
-789050
-10202121211 (base 3) to base 16
-12163
Convert 224412332 (base 5) to base 6.
33415551
Convert 30b97 (base 14) to base 6.
2304053
10011001000100001101 (base 2) to base 4
2121010031
What is -123345666 (base 7) in base 11?
-4466529
Convert 62376 (base 16) to base 3.
202102211210
-1001240312 (base 5) to base 2
-111100010110011101110
What is -137a9a (base 14) in base 6?
-22242040
-1222844 (base 9) to base 7
-5436133
What is 1030343 (base 5) in base 12?
a226
1111001011111100100 (base 2) to base 4
1321133210
What is 21120002 (base 6) in base 5?
124220043
Convert -56855 (base 11) to base 7.
-461464
1762 (base 12) to base 5
42220
Convert -24672 (base 9) to base 12.
-9725
-1367210 (base 12) to base 9
-7246603
3404421320 (base 5) to base 9
15087703
ac025 (base 15) to base 4
2011133201
What is 1324730 (base 8) in base 5?
43334120
Convert -354540 (base 9) to base 12.
-a3539
What is 6b9b5 (base 12) in base 3?
21100201002
Convert b39ab (base 12) to base 9.
386855
What is 63882 (base 16) in base 10?
407682
What is -55898 (base 11) in base 3?
-11010000121
What is -175b (base 12) in base 16?
-af7
What is -f7ed00 (base 16) in base 10?
-16248064
Convert -53452 (base 6) to base 5.
-213204
What is 11c726c (base 14) in base 13?
1a03a22
What is -836199 (base 10) in base 12?
-343ab3
Convert 100001110111001001 (base 2) to base 4.
201313021
-100120002221 (base 3) to base 6
-4011041
What is 433131 (base 16) in base 8?
20630461
Convert -1b0d3 (base 14) to base 15.
-155aa
What is -101100111001011011011 (base 2) in base 12?
-5ab477
What is 2744a05 (base 11) in base 16?
48425e
-2ab0a8 (base 14) to base 6
-51534444
6087512 (base 9) to base 13
8989c7
-2504326 (base 7) to base 16
-4e568
-6824d (base 16) to base 13
-11c214
What is 2222114 (base 6) in base 11?
77109
What is 99c8 (base 16) in base 6?
502132
Convert -10111100000100111 (base 2) to base 11.
-66391
32a2799 (base 11) to base 14
aa8c7a
-624568 (base 9) to base 8
-1324157
Convert 304351 (base 8) to base 13.
36a24
15650 (base 16) to base 11
5a926
-135ab4 (base 16) to base 6
-43104124
-167d572 (base 14) to base 7
-163012102
What is 28864 (base 9) in base 12?
b464
Convert 101402120 (base 6) to base 16.
1ad2a0
-238200 (base 16) to base 2
-1000111000001000000000
14711351 (base 8) to base 11
19a9448
Convert -4bb60 (base 14) to base 16.
-2d6e8
23a801b (base 12) to base 8
32362027
-2120111100 (base 3) to base 13
-1a0a0
What is -41b390 (base 13) in base 7?
-16035331
31366022 (base 7) to base 5
1134431204
-547146 (base 8) to base 7
-1364116
Convert -1dca97 (base 16) to base 4.
-13130222113
Convert 274522 (base 10) to base 15.
56517
Convert 30115100 (base 6) to base 7.
10140060
-2d324 (base 14) to base 16
-1b9e4
Convert 2100330130 (base 4) to base 12.
2476a4
5201453 (base 7) to base 13
18a409
Convert 320414 (base 9) to base 5.
22044411
What is 10565 (base 15) in base 7?
304103
-12223131 (base 5) to base 8
-345053
What is 44540 (base 6) in base 4?
1201230
What is -525314225 (base 6) in base 15?
-c20d8e
Convert -bb64 (base 13) to base 12.
-13138
Convert 16315133 (base 7) to base 5.
401142142
What is 31fea6 (base 16) in base 11?
1938715
-10001000001011001110011 (base 2) to base 12
-15b2357
Convert -614100 (base 7) to base 3.
-12022120110
-325120510 (base 6) to base 4
-112102121322
1210010211022 (base 3) to base 8
3472565
What is -1930279 (base 10) in base 14?
-383651
Convert -191779 (base 10) to base 14.
-4dc67
2200221121 (base 3) to base 5
3200204
Convert -201121220 (base 4) to base 5.
-13334213
-18938 (base 14) to base 16
-f2e6
What is 59477 (base 12) in base 11?
8209a
Convert -60ff70 (base 16) to base 5.
-3111404343
Convert -35654 (base 12) to base 14.
-1c22c
What is -145a868 (base 14) in base 5?
-10013331022
2684063 (base 10) to base 3
12001100211202
126 (base 12) to base 8
256
2354498 (base 10) to base 12
956682
What is 10452661 (base 7) in base 11?
568046
What is -1789960 (base 12) in base 16?
-4aee18
Convert -111142113 (base 5) to base 11.
-3053a2
-1f1ba3 (base 16) to base 12
-82396b
Convert -5e80 (base 16) to base 15.
-727c
Convert -123627 (base 10) to base 11.
-84979
Convert 23312176 (base 8) to base 15.
6a66c6
-a16850 (base 13) to base 16
-39503a
117342 (base 12) to base 3
112100000212
Convert 210425350 (base 6) to base 2.
1110000000111111100010
-97271 (base 11) to base 12
-699ba
-192a90b (base 12) to base 5
-2323114111
What is -2606a4 (base 11) in base 10?
-410788
Convert 2288772 (base 9) to base 3.
2022222212102
What is 40ea3 (base 16) in base 12?
109a57
-5579 (base 14) to base 9
-22272
What is 23c7b (base 16) in base 11?
a0122
136174 (base 11) to base 15
4325c
Convert 10311115 (base 6) to base 7.
2406461
What is -103220000 (base 4) in base 16?
-13a00
What is -132120001130 (base 4) in base 13?
-185a488
What is 701564 (base 9) in base 13?
1168b4
What is